{"id":64,"date":"2019-11-11T21:07:35","date_gmt":"2019-11-11T20:07:35","guid":{"rendered":"http:\/\/grisu\/wordpress_ffw\/?page_id=64"},"modified":"2020-03-19T20:08:38","modified_gmt":"2020-03-19T19:08:38","slug":"fahrzeug","status":"publish","type":"page","link":"https:\/\/www.feuerwehr-rederzhausen.de\/index.php\/fahrzeug\/","title":{"rendered":"Fahrzeug"},"content":{"rendered":"\n<figure class=\"wp-block-table\"><table class=\"\"><tbody><tr><td> <a href=\"https:\/\/www.feuerwehr-rederzhausen.de\/index.php\/beschaffung\/\"><img loading=\"lazy\" decoding=\"async\" width=\"400\" height=\"300\" class=\"wp-image-186\" style=\"width: 400px;\" src=\"https:\/\/www.feuerwehr-rederzhausen.de\/wp-content\/uploads\/Abholung_10-6\/Abholung_10-6_1280p_010.jpg\" alt=\"\" srcset=\"https:\/\/www.feuerwehr-rederzhausen.de\/wp-content\/uploads\/Abholung_10-6\/Abholung_10-6_1280p_010.jpg 1280w, https:\/\/www.feuerwehr-rederzhausen.de\/wp-content\/uploads\/Abholung_10-6\/Abholung_10-6_1280p_010-300x225.jpg 300w, https:\/\/www.feuerwehr-rederzhausen.de\/wp-content\/uploads\/Abholung_10-6\/Abholung_10-6_1280p_010-1024x768.jpg 1024w, https:\/\/www.feuerwehr-rederzhausen.de\/wp-content\/uploads\/Abholung_10-6\/Abholung_10-6_1280p_010-768x576.jpg 768w\" sizes=\"auto, (max-width: 400px) 100vw, 400px\" \/><\/a><\/td><td class=\"has-text-align-left\" data-align=\"left\"><a href=\"https:\/\/www.feuerwehr-rederzhausen.de\/index.php\/beschaffung\/\">Wie wir unser L\u00f6schfahrzeug bekamen<\/a><\/td><\/tr><tr><td><a href=\"https:\/\/www.feuerwehr-rederzhausen.de\/index.php\/aufbau\/\"><img loading=\"lazy\" decoding=\"async\" width=\"400\" height=\"267\" class=\"wp-image-407\" style=\"width: 400px;\" src=\"https:\/\/www.feuerwehr-rederzhausen.de\/wp-content\/uploads\/LF10_6\/Fahrzeugaufbau_1280p_024.jpg\" alt=\"\" srcset=\"https:\/\/www.feuerwehr-rederzhausen.de\/wp-content\/uploads\/LF10_6\/Fahrzeugaufbau_1280p_024.jpg 1280w, https:\/\/www.feuerwehr-rederzhausen.de\/wp-content\/uploads\/LF10_6\/Fahrzeugaufbau_1280p_024-300x200.jpg 300w, https:\/\/www.feuerwehr-rederzhausen.de\/wp-content\/uploads\/LF10_6\/Fahrzeugaufbau_1280p_024-1024x682.jpg 1024w, https:\/\/www.feuerwehr-rederzhausen.de\/wp-content\/uploads\/LF10_6\/Fahrzeugaufbau_1280p_024-768x512.jpg 768w\" sizes=\"auto, (max-width: 400px) 100vw, 400px\" \/><\/a><\/td><td class=\"has-text-align-left\" data-align=\"left\"><a href=\"https:\/\/www.feuerwehr-rederzhausen.de\/index.php\/aufbau\/\">Aufbau unseres Einsatzfahrzeugs<\/a><\/td><\/tr><\/tbody><\/table><\/figure>\n","protected":false},"excerpt":{"rendered":"<p>Wie wir unser L\u00f6schfahrzeug bekamen Aufbau unseres Einsatzfahrzeugs<\/p>\n","protected":false},"author":1,"featured_media":0,"parent":0,"menu_order":0,"comment_status":"closed","ping_status":"closed","template":"","meta":{"advgb_blocks_editor_width":"","advgb_blocks_columns_visual_guide":"","footnotes":""},"class_list":["post-64","page","type-page","status-publish","hentry"],"coauthors":[],"author_meta":{"author_link":"https:\/\/www.feuerwehr-rederzhausen.de\/index.php\/author\/ffw_admin\/","display_name":"ffw_admin"},"relative_dates":{"created":"Ver\u00f6ffentlicht 6\u00a0Jahren vor","modified":"Aktualisiert 6\u00a0Jahren vor"},"absolute_dates":{"created":"Ver\u00f6ffentlicht am 11. November 2019","modified":"Aktualisiert am 19. M\u00e4rz 2020"},"absolute_dates_time":{"created":"Ver\u00f6ffentlicht am 11. November 2019 21:07","modified":"Aktualisiert am 19. M\u00e4rz 2020 20:08"},"featured_img_caption":"","featured_img":false,"series_order":"","_links":{"self":[{"href":"https:\/\/www.feuerwehr-rederzhausen.de\/index.php\/wp-json\/wp\/v2\/pages\/64","targetHints":{"allow":["GET"]}}],"collection":[{"href":"https:\/\/www.feuerwehr-rederzhausen.de\/index.php\/wp-json\/wp\/v2\/pages"}],"about":[{"href":"https:\/\/www.feuerwehr-rederzhausen.de\/index.php\/wp-json\/wp\/v2\/types\/page"}],"author":[{"embeddable":true,"href":"https:\/\/www.feuerwehr-rederzhausen.de\/index.php\/wp-json\/wp\/v2\/users\/1"}],"replies":[{"embeddable":true,"href":"https:\/\/www.feuerwehr-rederzhausen.de\/index.php\/wp-json\/wp\/v2\/comments?post=64"}],"version-history":[{"count":7,"href":"https:\/\/www.feuerwehr-rederzhausen.de\/index.php\/wp-json\/wp\/v2\/pages\/64\/revisions"}],"predecessor-version":[{"id":1415,"href":"https:\/\/www.feuerwehr-rederzhausen.de\/index.php\/wp-json\/wp\/v2\/pages\/64\/revisions\/1415"}],"wp:attachment":[{"href":"https:\/\/www.feuerwehr-rederzhausen.de\/index.php\/wp-json\/wp\/v2\/media?parent=64"}],"curies":[{"name":"wp","href":"https:\/\/api.w.org\/{rel}","templated":true}]}}

<figure class="wp-block-table"><table class=""><tbody><tr><td> <a href="https://www.feuerwehr-rederzhausen.de/index.php/beschaffung/"><img loading="lazy" decoding="async" width="400" height="300" class="wp-image-186" style="width: 400px;" src="https://www.feuerwehr-rederzhausen.de/wp-content/uploads/Abholung_10-6/Abholung_10-6_1280p_010.jpg" alt="" srcset="https://www.feuerwehr-rederzhausen.de/wp-content/uploads/Abholung_10-6/Abholung_10-6_1280p_010.jpg 1280w, https://www.feuerwehr-rederzhausen.de/wp-content/uploads/Abholung_10-6/Abholung_10-6_1280p_010-300x225.jpg 300w, https://www.feuerwehr-rederzhausen.de/wp-content/uploads/Abholung_10-6/Abholung_10-6_1280p_010-1024x768.jpg 1024w, https://www.feuerwehr-rederzhausen.de/wp-content/uploads/Abholung_10-6/Abholung_10-6_1280p_010-768x576.jpg 768w" sizes="auto, (max-width: 400px) 100vw, 400px" /></a></td><td class="has-text-align-left" data-align="left"><a href="https://www.feuerwehr-rederzhausen.de/index.php/beschaffung/">Wie wir unser Löschfahrzeug bekamen</a></td></tr><tr><td><a href="https://www.feuerwehr-rederzhausen.de/index.php/aufbau/"><img loading="lazy" decoding="async" width="400" height="267" class="wp-image-407" style="width: 400px;" src="https://www.feuerwehr-rederzhausen.de/wp-content/uploads/LF10_6/Fahrzeugaufbau_1280p_024.jpg" alt="" srcset="https://www.feuerwehr-rederzhausen.de/wp-content/uploads/LF10_6/Fahrzeugaufbau_1280p_024.jpg 1280w, https://www.feuerwehr-rederzhausen.de/wp-content/uploads/LF10_6/Fahrzeugaufbau_1280p_024-300x200.jpg 300w, https://www.feuerwehr-rederzhausen.de/wp-content/uploads/LF10_6/Fahrzeugaufbau_1280p_024-1024x682.jpg 1024w, https://www.feuerwehr-rederzhausen.de/wp-content/uploads/LF10_6/Fahrzeugaufbau_1280p_024-768x512.jpg 768w" sizes="auto, (max-width: 400px) 100vw, 400px" /></a></td><td class="has-text-align-left" data-align="left"><a href="https://www.feuerwehr-rederzhausen.de/index.php/aufbau/">Aufbau unseres Einsatzfahrzeugs</a></td></tr></tbody></table></figure>

<p>Wie wir unser Löschfahrzeug bekamen Aufbau unseres Einsatzfahrzeugs</p>

Veröffentlicht 6 Jahren vor

Veröffentlicht am 11. November 2019

Aktualisiert am 19. März 2020

Veröffentlicht am 11. November 2019 21:07

Aktualisiert am 19. März 2020 20:08
