{"id":36,"date":"2019-11-10T23:21:51","date_gmt":"2019-11-10T22:21:51","guid":{"rendered":"http:\/\/grisu\/wordpress_ffw\/?page_id=36"},"modified":"2026-03-21T14:36:44","modified_gmt":"2026-03-21T13:36:44","slug":"home","status":"publish","type":"page","link":"https:\/\/www.feuerwehr-rederzhausen.de\/","title":{"rendered":"Home"},"content":{"rendered":"\n<h3 class=\"wp-block-heading\">\u00dcber uns<\/h3>\n\n\n<div class=\"wp-block-image\">\n<figure class=\"alignleft size-full is-resized\"><img loading=\"lazy\" decoding=\"async\" width=\"512\" height=\"512\" src=\"https:\/\/www.feuerwehr-rederzhausen.de\/wp-content\/uploads\/2019\/12\/cropped-icon.png\" alt=\"\" class=\"wp-image-138\" style=\"width:137px\" srcset=\"https:\/\/www.feuerwehr-rederzhausen.de\/wp-content\/uploads\/2019\/12\/cropped-icon.png 512w, https:\/\/www.feuerwehr-rederzhausen.de\/wp-content\/uploads\/2019\/12\/cropped-icon-300x300.png 300w, https:\/\/www.feuerwehr-rederzhausen.de\/wp-content\/uploads\/2019\/12\/cropped-icon-150x150.png 150w\" sizes=\"auto, (max-width: 512px) 100vw, 512px\" \/><\/figure>\n<\/div>\n\n\n<p>Die Freiwillige Feuerwehr Rederzhausen wurde 1872 offiziell gegr\u00fcndet. Seit damals hat sich viel ver\u00e4ndert, doch der Auftrag ist gleich geblieben.<\/p>\n\n\n\n<p>Heute besteht die Freiwillige Feuerwehr Rederzhausen aus 50 aktiven und 22 passiven Mitgliedern. Dazu kommen \u00fcber 100 f\u00f6rdernde Mitglieder, die die Arbeit unserer Wehr bedeutend unterst\u00fctzen. Mit unserem modernen Fahrzeug sind wir f\u00fcr unterschiedlichste Eins\u00e4tze bestens ausger\u00fcstet. <\/p>\n\n\n\n<p><\/p>\n\n\n\n<p><br><br><\/p>\n\n\n<div class=\"wp-block-image\">\n<figure class=\"alignright size-full is-resized\"><img loading=\"lazy\" decoding=\"async\" width=\"640\" height=\"480\" src=\"https:\/\/www.feuerwehr-rederzhausen.de\/wp-content\/uploads\/chronik\/kapelle_rederzhausen.jpg\" alt=\"\" class=\"wp-image-149\" style=\"width:212px\" srcset=\"https:\/\/www.feuerwehr-rederzhausen.de\/wp-content\/uploads\/chronik\/kapelle_rederzhausen.jpg 640w, https:\/\/www.feuerwehr-rederzhausen.de\/wp-content\/uploads\/chronik\/kapelle_rederzhausen-300x225.jpg 300w\" sizes=\"auto, (max-width: 640px) 100vw, 640px\" \/><\/figure>\n<\/div>\n\n\n<p><a href=\"http:\/\/maps.google.de\/maps?f=q&amp;source=s_q&amp;hl=de&amp;geocode=&amp;q=Rederzhausen,+Friedberg&amp;aq=0&amp;sll=51.151786,10.415039&amp;sspn=11.556741,39.506836&amp;ie=UTF8&amp;hq=&amp;hnear=Rederzhausen+Friedberg,+Aichach-Friedberg,+Bayern&amp;ll=48.338565,11.007786&amp;spn=0.023906,0.077162&amp;z=14\" target=\"_blank\" rel=\"noreferrer noopener\">Rederzhausen<\/a>\n\t\n\tmit seinen fast 1300 Einwohnern liegt im Landkreis\n\tAichach-Friedberg und ist nur wenige Kilometer von Augsburg\n\tentfernt. Seit der Gemeindegebietsreform 1978 ist der Ort an\n\tder Paar ein Stadtteil der Stadt Friedberg.<\/p>\n\n\n\n<p>Als eine\n\tder 13 Ortswehren Friedbergs sind wir sowohl als schnelle\n\tEinsatzkr\u00e4fte in unmittelbarer N\u00e4he, aber auch als\n\tflexible Unterst\u00fctzung im gesamten Einsatzgebiet\n\tder <a href=\"http:\/\/www.feuerwehr-friedberg.de\" target=\"_blank\" rel=\"noreferrer noopener\">St\u00fctzpunktwehr Friedberg<\/a> t\u00e4tig.\n      <\/p>\n\n\n\n<p><\/p>\n\n\n\n<p class=\"has-text-align-left\"><a href=\"https:\/\/www.feuerwehr-rederzhausen.de\/wp-content\/uploads\/2026\/03\/FFW_Rederzhausen_-Aufnahmeantrag.pdf\" data-type=\"attachment\" data-id=\"1619\" target=\"_blank\" rel=\"noreferrer noopener\"><strong>Sie \/ Du m\u00f6chten Mitglied werden? Einfach hier klicken.<\/strong><\/a><\/p>\n\n\n\n<p>F\u00fcr weitere Kontaktdaten bitte auf das Impressum klicken.<\/p>\n\n\n\n<p><\/p>\n","protected":false},"excerpt":{"rendered":"<p>\u00dcber uns Die Freiwillige Feuerwehr Rederzhausen wurde 1872 offiziell gegr\u00fcndet. Seit damals hat sich viel ver\u00e4ndert, doch der Auftrag ist gleich geblieben. Heute besteht die Freiwillige Feuerwehr Rederzhausen aus 50 aktiven und 22 passiven Mitgliedern. Dazu kommen \u00fcber 100 f\u00f6rdernde &hellip; <a href=\"https:\/\/www.feuerwehr-rederzhausen.de\/\">Weiter<\/a><\/p>\n","protected":false},"author":1,"featured_media":0,"parent":0,"menu_order":0,"comment_status":"closed","ping_status":"closed","template":"","meta":{"advgb_blocks_editor_width":"","advgb_blocks_columns_visual_guide":"","footnotes":""},"class_list":["post-36","page","type-page","status-publish","hentry"],"coauthors":[],"author_meta":{"author_link":"https:\/\/www.feuerwehr-rederzhausen.de\/index.php\/author\/ffw_admin\/","display_name":"ffw_admin"},"relative_dates":{"created":"Ver\u00f6ffentlicht 6\u00a0Jahren vor","modified":"Aktualisiert 2\u00a0Monaten vor"},"absolute_dates":{"created":"Ver\u00f6ffentlicht am 10. November 2019","modified":"Aktualisiert am 21. M\u00e4rz 2026"},"absolute_dates_time":{"created":"Ver\u00f6ffentlicht am 10. November 2019 23:21","modified":"Aktualisiert am 21. M\u00e4rz 2026 14:36"},"featured_img_caption":"","featured_img":false,"series_order":"","_links":{"self":[{"href":"https:\/\/www.feuerwehr-rederzhausen.de\/index.php\/wp-json\/wp\/v2\/pages\/36","targetHints":{"allow":["GET"]}}],"collection":[{"href":"https:\/\/www.feuerwehr-rederzhausen.de\/index.php\/wp-json\/wp\/v2\/pages"}],"about":[{"href":"https:\/\/www.feuerwehr-rederzhausen.de\/index.php\/wp-json\/wp\/v2\/types\/page"}],"author":[{"embeddable":true,"href":"https:\/\/www.feuerwehr-rederzhausen.de\/index.php\/wp-json\/wp\/v2\/users\/1"}],"replies":[{"embeddable":true,"href":"https:\/\/www.feuerwehr-rederzhausen.de\/index.php\/wp-json\/wp\/v2\/comments?post=36"}],"version-history":[{"count":21,"href":"https:\/\/www.feuerwehr-rederzhausen.de\/index.php\/wp-json\/wp\/v2\/pages\/36\/revisions"}],"predecessor-version":[{"id":1762,"href":"https:\/\/www.feuerwehr-rederzhausen.de\/index.php\/wp-json\/wp\/v2\/pages\/36\/revisions\/1762"}],"wp:attachment":[{"href":"https:\/\/www.feuerwehr-rederzhausen.de\/index.php\/wp-json\/wp\/v2\/media?parent=36"}],"curies":[{"name":"wp","href":"https:\/\/api.w.org\/{rel}","templated":true}]}}